 derivative of 1/3*r**3 + r - 16 + r**s. What is g(-4)?
9
Let s be 0/(4 + 6 + -11). Let p(t) be the third derivative of -1/3*t**3 + 17*t**2 + s*t + 0 + 1/60*t**5 + 1/24*t**4. Calculate p(-3).
4
Let x(g) = -9*g**3 + 3*g**2 + 6*g + 1. Let m(l) = 20*l**3 - 7*l**2 - 13*l - 1. Let q(j) = 2*m(j) + 5*x(j). Give q(-2).
39
Let v(j) be the first derivative of j**4/4 - 5*j**3/3 + 2*j**2 - 3*j + 7. Let w be 3038/168 + (-1)/12. Suppose 0 = 14*o - 38 - w. Give v(o).
-3
Suppose 6 = 4*p - 6. Suppose p*j = -5*l - 30, 4*l = -2*j - 12 - 12. Let w(m) = -m**2 - 5*m - 2. What is w(l)?
-8
Let y(j) = 11*j - 141. Let p be y(15). Suppose h = 0, -3*w - 3*h = -0*w + 69. Let v = w + p. Let x(a) = 4*a**3 - 2*a**2 + a. What is x(v)?
3
Let d = -144 + 190. Let y(u) = d*u**2 + 3 - 3*u - 2*u - 47*u**2 - 1. What is y(-3)?
8
Let t(x) = 2*x**2 + 0*x**2 - 17 - 128*x - 3*x**2 + 260*x - 119*x. Give t(9).
19
Let w(h) = 9 + 26 - 51*h + 135*h - 58*h + 17 + 2*h**2. Give w(-8).
-28
Let f(r) = -23*r - 20114 + 74*r + r**2 + 20747. Determine f(-22).
-5
Let f(x) = 12*x - 10*x - 122*x**2 + x**3 + 0*x**3 + 2 + 120*x**2 + 2. Determine f(-3).
-47
Let w(u) be the third derivative of -u**6/120 + 6828*u**2. Suppose 4*l = j - 8, l - 11 - 8 = -5*j. Calculate w(l).
1
Let u(j) = -2*j**3 - 16*j**2 + 2*j + 19. Let q = -35325 - -35317. Determine u(q).
3
Suppose -2*n = 5*c + 26, c - 3*n + 10 = -2. Let x(m) = -m**2 - 5*m - 2. Let s be x(-4). Let l(q) = -3*q + 1 + 2*q + s*q. Determine l(c).
-5
Let l be 11 + -8 + 0/(7 - 3). Let h(b) be the second derivative of 0 - 11*b + 0*b**2 + 1/12*b**4 - b**l. Calculate h(5).
-5
Let p(l) = l**2 + 10*l + 1. Let f = -40 + 43. Let j be f/8 - 11/((-440)/(-255)). Give p(j).
-23
Let g(b) = -69*b + 69. Let j(h) = 50*h - 46. Let u(k) = 5*g(k) + 7*j(k). Give u(-10).
-27
Suppose 0 = 3*v + 4*k + 261, 0 = v + 3*k + 2*k + 76. Let z = 86 + v. Let u(l) = -l**2 - 3*l - 1. What is u(z)?
-11
Let j(t) = -t**3 - 3*t**2 + 41*t - 3. Suppose -i + 8 = 3*b, 0 = -2*i + 3*b - 26 + 33. Let q be j(i). Let n(p) = p**3 - 2*p**2 + p. What is n(q)?
2
Let n(c) be the first derivative of 0*c + 15 - 17/3*c**3 - 1/4*c**4 - 1/60*c**5 + 0*c**2. Let v(l) be the third derivative of n(l). Determine v(-6).
6
Let t(l) = l**2 + 47*l + 169. Let o be t(-4). Let c(n) = 4 - 1 - 5*n**2 - 2*n**2 + 8*n**2. Determine c(o).
12
Let d(a) be the first derivative of -156*a - 157*a + 481*a - 162*a - 43 + a**2. What is d(-7)?
-8
Let q(a) = -2 - 62*a**3 + 6*a**2 + 61*a**3 - 23*a + 18*a. Determine q(5).
-2
Suppose -2*f - f = 0. Let z(d) = 22 - 3*d - 2 - 10. Let m(j) = 16*j - 52. Let s(x) = 2*m(x) + 11*z(x). Calculate s(f).
6
Let m(p) = p**3 + p**2 + p - 4. Let o(z) be the third derivative of -13*z**4/24 - 13*z**3/3 + 2*z**2 - 18. Let k be o(-2). Determine m(k).
-4
Let j(b) = -2*b - 18. Let m(v) = -v**3 + 21*v**2 + 103*v - 88. Let x be m(25). What is j(x)?
8
Let a(q) = 123*q + 127*q - 239*q + 171*q**2 + 5 - 175*q**2 - q**3. Calculate a(-6).
11
Suppose -5*n - 1105 = 5*q - 0*n, 0 = -q + 2*n - 212. Let c = -217 - q. Let v(u) = -18*u + 1. Determine v(c).
-17
Let n(w) = -26*w**2 + 19 + 12*w**2 + 18*w + 15*w**2 - 67. Determine n(-20).
-8
Let d(s) = -3*s + 41. Let z(m) = 214*m - 633. Let r be z(3). What is d(r)?
14
Let s(d) be the second derivative of -d**4/4 + 17*d**3/6 - 13*d**2/2 + d - 16. Calculate s(5).
-3
Let w(p) = 11*p + 115. Suppose 8*q = -41*q - 8*q - 798. Calculate w(q).
-39
Let m(c) be the first derivative of -c**4/4 - 2*c**3 - c**2 - 14*c - 25160. Suppose 5*t - 14 = -44. What is m(t)?
-2
Let q(y) = y**2 + 88*y + 709. Let m be q(-79). Let k(u) = -2*u - 2. Calculate k(m).
2
Let v(z) = z**2 + 2*z - 64. Let w = 1442 + -1442. What is v(w)?
-64
Let z(t) = -29*t**2 + t + 2. Let d be z(-1). Let w = d + 91. Let h(y) = -35 - 5*y**2 + 0*y**3 + 4*y + w - 31 + y**3. Calculate h(4).
-3
Let j(m) = -m**3 - 2*m**2 + 2*m + 3. Let k be 55/33*(-63)/3. Let w = 32 + k. Calculate j(w).
6
Let r = -87560 - -87563. Let o(n) = -5*n + 5*n**2 - n**2 - 3*n**2 - 3. Determine o(r).
-9
Let f(l) = -l**3 + 17*l**2 + 2*l - 30. Let m be f(17). Suppose -2*i - 4 = -m*h, 20 = 2*h + 3*h. Let o(n) = n**3 + i*n**2 - 7 - 54*n + 0*n**2 + 46*n. Give o(-7).
0
Let a(q) = -q**2 + 35*q - 13*q**3 - 11 + 7 + 14*q**3 + 4*q**2 - 15*q**2. Give a(6).
-10
Let c = 3 + 0. Let b(z) be the first derivative of -5*z**2/2 - 49. Let k(m) = 8*m + 1. Let a(s) = -4*b(s) - 3*k(s). Calculate a(c).
-15
Let o(v) = v - 2. Let q(x) be the second derivative of -x**4/12 - x**3/2 - 6*x**2 + 117*x - 1. Let y(p) = 4*o(p) - q(p). Determine y(-3).
-8
Let v be (-6 - -18)*(-19)/76 + 9. Let w(z) = -1 + 0*z - 6*z + 5 + 3. Determine w(v).
-29
Let f(m) = 16 + 3*m - 6 + m**3 - 30*m**2 - 12 + 23*m**2. What is f(7)?
19
Let d be 59/1 - -4 - -2. Let m be 18/(-15)*d/13. Let x(w) = -w**2 - 9*w - 5. What is x(m)?
13
Let n = 310 - 310. Let p(i) be the first derivative of i**3/3 + i**2/2 + 3*i + 30. Determine p(n).
3
Suppose -5*w - 15 = -0, -l + 31 = 4*w. Suppose 27 = -a + l. Suppose 4*m + 96 = a*m. Let u(b) = -b**3 + 9*b**2 - 11*b + 6. Determine u(m).
-18
Let j(b) = -22*b**2 + b - 15461 - 15466 + 30928. Suppose 0 = -4*c - 8 + 4. What is j(c)?
-22
Let f(p) = -p**3 - 9*p**2 - 6*p + 3. Let j(l) = l**3 + 13*l**2 - 28*l + 22. Let n be 4 + -7 - -6 - 18. Let w be j(n). Determine f(w).
-13
Suppose 2*n = -3*k - 12, 1534*n - 16 = 4*k + 1531*n. Let z(c) = 9*c - 17. Calculate z(k).
-53
Let z be (1 - 11/7)/((-281)/3934). Let k(q) = -q**2 + 10*q - 17. Calculate k(z).
-1
Suppose 254 = 5*f + 4*z, z - 30 + 129 = 2*f. Let u be (-69)/15 - (-30)/f. Let l(i) = i**3 + 4*i**2 + 3*i + 1. What is l(u)?
-11
Let c(m) = -2*m**2 + 5*m - 20. Let o be (10/(-4) - (-16)/8)/(22/(-132)). Calculate c(o).
-23
Let n(q) = -13*q - 7. Let j(k) = 4*k**3 - 35*k**2 - 13*k + 41. Let w be j(9). Give n(w).
-72
Let g = -5 + 18. Suppose 2*k = -g*k. Let q(p) = p - 1. Calculate q(k).
-1
Let y(w) = -2*w**2 + 82*w + 12. Let s(k) = -2*k**2 + 69*k + 12. Let n(g) = -5*s(g) + 4*y(g). Determine n(9).
-3
Suppose 0 = -o - 6*r + 43, -49 + 11 = -3*o - 5*r. Let t(y) = 12*y**2 - 6*y + 3. What is t(o)?
9
Let n(v) = -v**3 - 2*v**2 - 2*v + 2. Let z be (8/(-6))/((-1)/3). Let i be (-513)/(-114)*2*2/9. Suppose i = g + z. Calculate n(g).
6
Let t(j) be the second derivative of j**3/3 - 7*j**2/2 + j - 156. Calculate t(6).
5
Suppose 0*c = 5*c - o - 250, 152 = 3*c - o. Suppose 15 = -8*d - c. Let w(t) = -t + 1. Determine w(d).
9
Let j(y) = 14*y - 10. Let u be j(1). Suppose -u*f - 60 = 16*f. Let z(w) = -2*w**2 - 2*w + 2. Calculate z(f).
-10
Let c(t) be the third derivative of t**6/120 - t**5/20 - t**4/8 - t**3/6 - 106*t**2 - t - 31. Suppose 0*r + 5*r = 20. Calculate c(r).
3
Let f(p) be the third derivative of p**5/20 + 5*p**4/6 + p**3 - 90*p**2 + 6. Determine f(-6).
-6
Let m(s) = -198*s - 2 - 216*s - 225*s + 933*s - 235*s. What is m(1)?
57
Let s(g) be the third derivative of -g**8/6720 - g**7/2520 - 7*g**5/120 - 13*g**4/4 + 23*g**2. Let f(b) be the second derivative of s(b). Determine f(0).
-7
Let b(g) = 444*g + 4 - 2*g**3 - 1756*g - 10*g**2 + 440*g + 430*g + 440*g. Calculate b(-5).
14
Let y be (-4)/(-2) - ((58 - 47) + 39/(-3)). Let s(o) = -9*o + 10. Let t(k) = 4*k - 5. Let f(h) = -2*s(h) - 5*t(h). What is f(y)?
-3
Let m = 142 + -135. Let y(i) = -6*i + 120. Let k(l) = l - 17. Let b(x) = -15*k(x) - 2*y(x). What is b(m)?
-6
Let w(j) be the second derivative of 13*j**3/6 - j**2/2 - 362*j. Suppose -7 + 29 = 11*d. Determine w(d).
25
Let c(p) = -76 - p**2 + 56 - 34976*p + 34960*p. Give c(-8).
44
Suppose -4*l + 5*r = 38, -3*l + 7*l = 3*r - 34. Let f = -9 - l. Let u(i) = 0*i**2 - i**3 + 0*i**3 - 3*i**2. What is u(f)?
-4
Suppose 0*o - 5*z + 55 = -3*o, -4*o = -3*z + 66. Let y = o + 33. Suppose -4*l + 2*c = -y, 3*l - 4*l + 15 = -4*c. Let f(g) = g**2 - 3*g + 3. Give f(l).
3
Let f = -6380 - -12763/2. Let m(n) be the second derivative of -10*n + 0 + f*n**2 + 1/3*n**3. Determine m(-2).
-1
Let l(z) = z**2 - z + 1. Let t(a) = 3*a + 1. Let j be t(-2). Let f(q) = -q**2 + 31 + 2*q - 7 - 6 - 5 - 15. Let s(v) = j*f(v) - 4*l(v). What is s(6)?
6
Let s be (253/33 + -10)/(-2). Let v(n) be the second derivative of -1/2*n**4 + 31*n + 1/20*n**5 - 9/2*n**2 - s*n**3 + 0. What is v(7)?
-9
Let l(g) = 3*g**2 - 8*g - 8. Let d be 2/(-10) - (305/(-25) + 1). Let x(h) = -17*h**2 + 39*h + 39. Let w(a) = d*l(a) + 2*x(a). Calculate w(